{"id":550,"date":"2014-06-17T11:42:05","date_gmt":"2014-06-17T11:42:05","guid":{"rendered":"https:\/\/tratamiento-ansiedad-depresion.com\/blog\/?page_id=550"},"modified":"2019-05-06T18:41:37","modified_gmt":"2019-05-06T18:41:37","slug":"alcohol-ansioliticos","status":"publish","type":"page","link":"https:\/\/tratamiento-ansiedad-depresion.com\/blog\/asesoramiento-gratuito\/alcohol-ansioliticos\/","title":{"rendered":"\u00bfSe pueden tomar alcohol si tomas ansiol\u00edticos?"},"content":{"rendered":"<h1 style=\"text-align: center;\">\u00bfSe puede tomar alcohol si tomas ansiol\u00edticos?<\/h1>\n<p>&nbsp;<\/p>\n<p style=\"text-align: justify;\"><span style=\"color: #ff9900;\">PREGUNTA<\/span><br \/>\nBuenas, mi madre padece depresi\u00f3n desde varios a\u00f1os y est\u00e1 en tratamiento&nbsp;psicol\u00f3gico y psiqui\u00e1trico. Toma 2 antidepresivos por d\u00eda y 1 ansiol\u00edtico y le han&nbsp;dicho que puede tomar una dosis de ansiol\u00edtico m\u00e1s si tiene ansiedad. Esto desde 2 a\u00f1os.<br \/>\nHe le\u00eddo que no se aconseja tomarlo m\u00e1s de 8 semanas y que provoca adicci\u00f3n y adem\u00e1s le&nbsp;han dicho que puede consumir alcohol. Mi pregunta es&#8230;que hago ahora? Gracias<\/p>\n<p style=\"text-align: justify;\"><a href=\"https:\/\/tratamiento-ansiedad-depresion.com\/blog\/wp-content\/uploads\/2014\/06\/alcohol-y-ansiol\u00edticos.jpg\"><img loading=\"lazy\" decoding=\"async\" class=\"aligncenter size-full wp-image-637\" alt=\"Alcohol y ansiol\u00edticos\" src=\"https:\/\/tratamiento-ansiedad-depresion.com\/blog\/wp-content\/uploads\/2014\/06\/alcohol-y-ansiol\u00edticos.jpg\" width=\"300\" height=\"200\"><\/a><br \/>\n<span style=\"color: #00d600;\">RESPUESTA<\/span><\/p>\n<p style=\"text-align: justify;\">El uso de antidepresivos y ansiol\u00edticos est\u00e1 cada vez m\u00e1s extendido, especialmente los ansiol\u00edticos. En la siguiente tabla extra\u00edda del informe de 2011 del Observatorio Espa\u00f1ol de la Droga y las Toxicoman\u00edas podemos ver claramente su evoluci\u00f3n c\u00f3mo desde 2005 ha ascendido de 8,4 a 13,8 en 2009. &nbsp;Otra de las conclusiones que se extraen de este estudio, realizando la separaci\u00f3n por sexos, es la del ascenso del consumo de ansiol\u00edticos por parte de mujeres&nbsp;sobretodo en las mujeres mayores de 45 a\u00f1os (21%) y de 55 a\u00f1os (27%)<\/p>\n<p style=\"text-align: justify;\"><a href=\"https:\/\/tratamiento-ansiedad-depresion.com\/blog\/wp-content\/uploads\/2014\/06\/Evoluci\u00f3n-del-consumo-de-ansiol\u00edticos.jpg\"><img loading=\"lazy\" decoding=\"async\" class=\"aligncenter size-full wp-image-641\" alt=\"Evoluci\u00f3n del consumo de ansiol\u00edticos\" src=\"https:\/\/tratamiento-ansiedad-depresion.com\/blog\/wp-content\/uploads\/2014\/06\/Evoluci\u00f3n-del-consumo-de-ansiol\u00edticos.jpg\" width=\"606\" height=\"407\" srcset=\"https:\/\/tratamiento-ansiedad-depresion.com\/blog\/wp-content\/uploads\/2014\/06\/Evoluci\u00f3n-del-consumo-de-ansiol\u00edticos.jpg 606w, https:\/\/tratamiento-ansiedad-depresion.com\/blog\/wp-content\/uploads\/2014\/06\/Evoluci\u00f3n-del-consumo-de-ansiol\u00edticos-300x201.jpg 300w\" sizes=\"(max-width: 606px) 100vw, 606px\" \/><\/a><\/p>\n<h2 style=\"text-align: justify;\">Uso de Alcohol mientras se est\u00e1 tomando ansiol\u00edticos<\/h2>\n<p style=\"text-align: justify;\">El uso del alcohol mientras se est\u00e1n tomando ansiol\u00edticos est\u00e1 completamente desaconsejado debido al efecto sumatorio de ambas sustancias que acaban produciendo un mayor impacto de intoxicaci\u00f3n en el cerebro. Por lo que las personas que consumen alcohol a la par que toman ansiol\u00edticos presentan un mayor riesgo de accidentes, ca\u00eddas, alteraciones del comportamiento, lesiones, conflictos interpersonales, e incluso intoxicaci\u00f3n o sobredosis.<\/p>\n<p style=\"text-align: justify;\">El alcohol y los tranquilizantes se auto complementan y se potencian mutuamente multiplic\u00e1ndose sus efectos, por lo que una cerveza tras tomarse un Loracepam, va a causar un efecto en el organismo como si nos hubi\u00e9ramos tomado dos cervezas y dos Loracepanes. por lo que al mezclar las sustancias <strong>estamos multiplicando la dosis y proporci\u00f3n a nuestro organismo<\/strong>. Debido a este efecto de multiplicar los efectos de las sustancias, el combinarlas puede acabar generando una sobredosis&nbsp;que, por la suma de sus efectos, pueden producir un gran enlentecimiento de todas las funciones del cuerpo, y en los casos m\u00e1s graves puede llegar a ocasionar un paro card\u00edaco.<\/p>\n<p style=\"text-align: justify;\">Algunas personas que sufren ansiedad o insomnio normalmente recurren a tomar medicamentos para dormir o calmarse, y en ocasiones tambi\u00e9n lo hacen con alcohol. Sin embargo, unas horas despu\u00e9s de haber bebido (alcohol) o de haber tomado un tranquilizante (o pastilla para dormir) suele producirse un efecto de \u201crebote\u201d de los s\u00edntomas de ansiedad o de insomnio, es decir que reaparece el mismo s\u00edntoma pero con una mayor intensidad que antes. Este efecto de rebote lo que acaba generando es un agravamiento de los s\u00edntomas ansiosos o de insomnio llevando a la persona a volver a consumir un f\u00e1rmaco para dormir o calmarse empeorando de forma progresiva su trastorno de ansiedad o sue\u00f1o en una espiral progresiva.<\/p>\n<h3 style=\"text-align: justify;\">Tolerancia y efecto rebote de los ansiol\u00edticos<\/h3>\n<p><a href=\"https:\/\/tratamiento-ansiedad-depresion.com\/blog\/wp-content\/uploads\/2014\/06\/rebote-de-los-ansioliticos.png\"><img loading=\"lazy\" decoding=\"async\" class=\"alignright  wp-image-652\" alt=\"rebote de los ansiol\u00edticos\" src=\"https:\/\/tratamiento-ansiedad-depresion.com\/blog\/wp-content\/uploads\/2014\/06\/rebote-de-los-ansioliticos-300x300.png\" width=\"130\" height=\"130\" srcset=\"https:\/\/tratamiento-ansiedad-depresion.com\/blog\/wp-content\/uploads\/2014\/06\/rebote-de-los-ansioliticos-300x300.png 300w, https:\/\/tratamiento-ansiedad-depresion.com\/blog\/wp-content\/uploads\/2014\/06\/rebote-de-los-ansioliticos-150x150.png 150w, https:\/\/tratamiento-ansiedad-depresion.com\/blog\/wp-content\/uploads\/2014\/06\/rebote-de-los-ansioliticos.png 500w\" sizes=\"(max-width: 130px) 100vw, 130px\" \/><\/a><\/p>\n<p style=\"text-align: justify;\">Otro de los problemas que conlleva el tomar ansiol\u00edticos, es la elevada <strong>tolerancia<\/strong> que presentan estos f\u00e1rmacos, que ocasionan que al cabo del tiempo, la misma dosis deje de ser suficiente y sea necesario aumentarla para notar los mismos efectos que al principio de tomar el f\u00e1rmaco. As\u00ed como el <strong>efecto rebote<\/strong> nuevamente, pero esta vez al dejar de tomar el f\u00e1rmaco. Es decir la persona tras dejar de tomar el ansiol\u00edtico puede experimentar una ansiedad a\u00fan mayor que la inicial de antes de tomar el f\u00e1rmaco. Esto ocurre especialmente si la retirada del ansiol\u00edtico no se hace de forma progresiva y bajo supervisi\u00f3n de un especialista.<\/p>\n<p>&nbsp;<\/p>\n<p style=\"text-align: justify;\"><strong>Como conclusi\u00f3n<\/strong> decir que la persona que est\u00e1 bajo tratamiento farmacol\u00f3gico con ansiol\u00edticos es recomendable <strong>que no consuma alcohol<\/strong> debido a todos los riesgos asociados a este consumo combinado. De la misma manera una persona que padeciera alcoholismo, estar\u00eda desaconsejado que se le recetaran ansiol\u00edticos como parte de su tratamiento. &nbsp;En ambos casos es muy recomendable potenciar o iniciar un tratamiento psicol\u00f3gico de forma paralela para aprender a manejar los s\u00edntomas ansiosos.<\/p>\n<p style=\"text-align: center;\">Si quieres participar en el blog y preguntarnos algo, haz click aqu\u00ed.<\/p>\n<p><a href=\"https:\/\/tratamiento-ansiedad-depresion.com\/blog\/asesoramiento-gratuito\/\/\"><img loading=\"lazy\" decoding=\"async\" class=\"aligncenter size-full wp-image-697\" title=\"El psic\u00f3logo contestar\u00e1 tus preguntas\" alt=\"manda-tu-consulta\" src=\"https:\/\/tratamiento-ansiedad-depresion.com\/blog\/wp-content\/uploads\/2013\/11\/asesoramiento-gratuito-button.png\" width=\"200\" height=\"107\"><\/a><br \/>\nRub\u00e9n Blasco, Psic\u00f3logo Colegiado N\u00ba 14830.<\/p>\n<p>M\u00e1s informaci\u00f3n en<a href=\"http:\/\/tratamiento-ansiedad-depresion.com\" target=\"_blank\"> tratamiento-ansiedad-depresion.com<\/a><\/p>\n","protected":false},"excerpt":{"rendered":"<p>\u00bfSe puede tomar alcohol si tomas ansiol\u00edticos? &nbsp; PREGUNTA Buenas, mi madre padece depresi\u00f3n desde varios a\u00f1os y est\u00e1 en tratamiento&nbsp;psicol\u00f3gico y psiqui\u00e1trico. Toma 2 antidepresivos por d\u00eda y 1 ansiol\u00edtico y le han&nbsp;dicho que puede tomar una dosis de ansiol\u00edtico m\u00e1s si tiene ansiedad. Esto desde 2 a\u00f1os. He le\u00eddo que no se aconseja &hellip; <\/p>\n<p><a class=\"more-link btn\" href=\"https:\/\/tratamiento-ansiedad-depresion.com\/blog\/asesoramiento-gratuito\/alcohol-ansioliticos\/\">Continue reading<\/a><\/p>\n","protected":false},"author":1,"featured_media":0,"parent":211,"menu_order":0,"comment_status":"closed","ping_status":"open","template":"","meta":{"_monsterinsights_skip_tracking":false,"_monsterinsights_sitenote_active":false,"_monsterinsights_sitenote_note":"","_monsterinsights_sitenote_category":0,"footnotes":""},"class_list":["post-550","page","type-page","status-publish","hentry","nodate","item-wrap"],"aioseo_notices":[],"_links":{"self":[{"href":"https:\/\/tratamiento-ansiedad-depresion.com\/blog\/wp-json\/wp\/v2\/pages\/550"}],"collection":[{"href":"https:\/\/tratamiento-ansiedad-depresion.com\/blog\/wp-json\/wp\/v2\/pages"}],"about":[{"href":"https:\/\/tratamiento-ansiedad-depresion.com\/blog\/wp-json\/wp\/v2\/types\/page"}],"author":[{"embeddable":true,"href":"https:\/\/tratamiento-ansiedad-depresion.com\/blog\/wp-json\/wp\/v2\/users\/1"}],"replies":[{"embeddable":true,"href":"https:\/\/tratamiento-ansiedad-depresion.com\/blog\/wp-json\/wp\/v2\/comments?post=550"}],"version-history":[{"count":20,"href":"https:\/\/tratamiento-ansiedad-depresion.com\/blog\/wp-json\/wp\/v2\/pages\/550\/revisions"}],"predecessor-version":[{"id":990,"href":"https:\/\/tratamiento-ansiedad-depresion.com\/blog\/wp-json\/wp\/v2\/pages\/550\/revisions\/990"}],"up":[{"embeddable":true,"href":"https:\/\/tratamiento-ansiedad-depresion.com\/blog\/wp-json\/wp\/v2\/pages\/211"}],"wp:attachment":[{"href":"https:\/\/tratamiento-ansiedad-depresion.com\/blog\/wp-json\/wp\/v2\/media?parent=550"}],"curies":[{"name":"wp","href":"https:\/\/api.w.org\/{rel}","templated":true}]}}