{"id":486,"date":"2014-05-13T14:48:08","date_gmt":"2014-05-13T14:48:08","guid":{"rendered":"https:\/\/tratamiento-ansiedad-depresion.com\/blog\/?page_id=486"},"modified":"2014-06-13T10:18:08","modified_gmt":"2014-06-13T10:18:08","slug":"ansiedad-miedo-de-hacer-dano","status":"publish","type":"page","link":"https:\/\/tratamiento-ansiedad-depresion.com\/blog\/asesoramiento-gratuito\/ansiedad-miedo-de-hacer-dano\/","title":{"rendered":"Ansiedad y miedo de hacer da\u00f1o"},"content":{"rendered":"<h1 style=\"text-align: center;\">Tengo ansiedad y miedo de hacer da\u00f1o<\/h1>\n<p>&nbsp;<\/p>\n<p><span style=\"color: #ff9900;\">PREGUNTA<\/span><\/p>\n<p>Tengo ansiedad desde diciembre de 2013. Todo empez\u00f3 con una bola en la\u00a0garganta que se me fue a finales de diciembre de ese mismo a\u00f1o. Y el 22 de febrero\u00a0de 2014 estaba leyendo en clase y me falt\u00f3 el aire, me sent\u00eda mareada y pensaba\u00a0que me iba a desmayar. As\u00ed estuve con la falta de aire durante unas semanas hasta\u00a0que un d\u00eda me entr\u00f3 el miedo de poder volverme loca. Luego, el miedo a poder\u00a0padecer alguna esquizofrenia. Y ahora, llevo un miedo horrible a poder hacer da\u00f1o a\u00a0alguien, tengo much\u00edsimo miedo a que me entren deseos o que yo quiera hacer da\u00f1o a\u00a0alguien. Yo no quiero, pero tengo miedo de que tanto pensarlo me cambie de opini\u00f3n<br \/>\ny quiera hacer algo horrible, tengo much\u00edsimo miedo. Yo antes de hacer da\u00f1o a\u00a0alguien me matar\u00eda yo, tengo diecis\u00e9is a\u00f1os y estoy muy asustada. Por favor,\u00a0espero que me puedas ayudar. Un saludo y muchas gracias.<\/p>\n<p style=\"text-align: center;\"><a href=\"https:\/\/tratamiento-ansiedad-depresion.com\/blog\/wp-content\/uploads\/2014\/05\/miedo-de-hacer-da\u00f1o.jpg\"><img loading=\"lazy\" decoding=\"async\" class=\"aligncenter  wp-image-510\" alt=\"Ansiedad y miedo de hacer da\u00f1o\" src=\"https:\/\/tratamiento-ansiedad-depresion.com\/blog\/wp-content\/uploads\/2014\/05\/miedo-de-hacer-da\u00f1o-300x294.jpg\" width=\"240\" height=\"235\" srcset=\"https:\/\/tratamiento-ansiedad-depresion.com\/blog\/wp-content\/uploads\/2014\/05\/miedo-de-hacer-da\u00f1o-300x294.jpg 300w, https:\/\/tratamiento-ansiedad-depresion.com\/blog\/wp-content\/uploads\/2014\/05\/miedo-de-hacer-da\u00f1o.jpg 435w\" sizes=\"(max-width: 240px) 100vw, 240px\" \/><\/a><\/p>\n<p><span style=\"color: #00d600;\">RESPUESTA<\/span><\/p>\n<p style=\"text-align: justify;\">Parece ser que te encuentras en una situaci\u00f3n de escalada de ansiedad, es decir que parece ser que tus niveles de ansiedad desde diciembre de 2013 no han hecho m\u00e1s que subir. Inicialmente han sido a nivel fisiol\u00f3gico, que son los s\u00edntomas de la ansiedad m\u00e1s identificables como la falta de aire, sensaci\u00f3n de mareo, palpitaciones, o miedo a poderse desmayar, s\u00edntomas de ansiedad de lo m\u00e1s frecuentes.<\/p>\n<h2>La escalada de la ansiedad<\/h2>\n<p style=\"text-align: justify;\">Lo que nos puede ocurrir con mucha facilidad es que a partir de unos pocos s\u00edntomas f\u00edsicos muy caracter\u00edsticos de la ansiedad, entremos en una escalada de alarma y estos s\u00edntomas f\u00edsicos de la ansiedad vayan intensific\u00e1ndose hasta generarme lo que podr\u00edamos considerar s\u00edntomas cognitivos de la ansiedad como los miedos e inseguridades. \u00a0<strong>Los s\u00edntomas cognitivos m\u00e1s frecuentes son:<\/strong><\/p>\n<ul>\n<li>Me puedo volver loco<\/li>\n<li>La ansiedad me est\u00e1 dominando<\/li>\n<li>Esto nunca acabar\u00e1<\/li>\n<li>La ansiedad sube y no tiene fin<\/li>\n<li>Estoy perdiendo el control<\/li>\n<li>Es posible que en verdad tenga una esquizofrenia o una enfermedad mental muy grave<\/li>\n<li>Ideas o pensamientos de hacer da\u00f1o a seres queridos<\/li>\n<\/ul>\n<p style=\"text-align: justify;\">Cuando los s\u00edntomas cognitivos de la ansiedad aparecen, esto nos indica que la ansiedad que est\u00e1 padeciendo la persona supera con creces los recursos personales de manejo del estr\u00e9s y nervios, por lo que se encuentra en una situaci\u00f3n de vulnerabilidad, Las fuentes de estr\u00e9s se perciben como m\u00e1s intensas y padecemos ansiedad ante situaciones que antes realiz\u00e1bamos con total normalidad. Lo que se est\u00e1 dando es un proceso de generalizaci\u00f3n de la ansiedad, hasta el punto que la persona es posible que comience a padecer ansiedad en lugares o momentos cotidianos del d\u00eda a d\u00eda. \u00a0 Por lo que acabamos sintiendo ansiedad a lo largo del d\u00eda, nos sentimos m\u00e1s cansados y comenzamos a temer el poder padecer a\u00fan m\u00e1s ansiedad ante diferentes situaciones que percibimos como amenazantes, acudir a clase, al trabajo, a una reuni\u00f3n familiar, etc.<\/p>\n<p style=\"text-align: justify;\"><a href=\"https:\/\/tratamiento-ansiedad-depresion.com\/blog\/wp-content\/uploads\/2014\/05\/escalada-de-ansiedad.jpg\"><img loading=\"lazy\" decoding=\"async\" class=\"aligncenter size-medium wp-image-515\" alt=\"Escalada de la ansiedad\" src=\"https:\/\/tratamiento-ansiedad-depresion.com\/blog\/wp-content\/uploads\/2014\/05\/escalada-de-ansiedad-300x187.jpg\" width=\"300\" height=\"187\" srcset=\"https:\/\/tratamiento-ansiedad-depresion.com\/blog\/wp-content\/uploads\/2014\/05\/escalada-de-ansiedad-300x187.jpg 300w, https:\/\/tratamiento-ansiedad-depresion.com\/blog\/wp-content\/uploads\/2014\/05\/escalada-de-ansiedad.jpg 500w\" sizes=\"(max-width: 300px) 100vw, 300px\" \/><\/a><\/p>\n<h2 style=\"text-align: justify;\">Romper la escalada de la ansiedad<\/h2>\n<p style=\"text-align: justify;\">Es muy importante poder romper la escalada de la ansiedad que con tanta facilidad se genera en las personas. ya que de lo contrario llegamos como hemos visto a la <strong>generalizaci\u00f3n de la ansiedad<\/strong>, y pr\u00e1cticamente todo puede llegar a generarnos miedo o ansiedad. Por desgracia cuando nos encontramos en esta situaci\u00f3n <strong>tendemos a fijarnos m\u00e1s en los detalles que en el concepto global<\/strong>, es decir me centro y me preocupo mucho en el contenido de un pensamiento que puedo tener como \u00abhacer da\u00f1o a alguien querido\u00bb y me mortifico y le doy vueltas a c\u00f3mo es posible que est\u00e9 pensando eso. Pues toda esa energ\u00eda deber\u00eda destinarla a abordar la ansiedad en su totalidad, si yo le dedico 1 hora al d\u00eda a combatir mi ansiedad general en poco tiempo este tipo de pensamientos m\u00e1s concretos ir\u00e1n desapareciendo, ya que se alimentan de mi ansiedad general. Con esto me quiero referir que <strong>hemos de ir a la fuente, no al miedo concreto<\/strong>, ese miedo me ha surgido porque mi cuerpo y mi mente no pueden soportar m\u00e1s ansiedad, por lo que les hemos de liberar de tanta carga o tensi\u00f3n.<\/p>\n<p style=\"text-align: justify;\">Cada persona tiene sus propios recursos para combatir la ansiedad, intenta ponerlos en pr\u00e1ctica 1 hora al d\u00eda, y si ves que no son suficientes ser\u00eda recomendable que consultaras con un especialista para que pueda darte pautas concretas para ayudarte a controlar la ansiedad. Espero que poco a poco puedas ir manejando tu ansiedad. \u00c1nimo.<\/p>\n<p>&nbsp;<\/p>\n<p style=\"text-align: center;\">Si quieres participar en el blog y preguntarnos algo, haz click aqu\u00ed.<\/p>\n<p><a href=\"https:\/\/tratamiento-ansiedad-depresion.com\/blog\/asesoramiento-gratuito\/\/\"><img loading=\"lazy\" decoding=\"async\" class=\"aligncenter size-full wp-image-697\" title=\"El psic\u00f3logo contestar\u00e1 tus preguntas\" alt=\"manda-tu-consulta\" src=\"https:\/\/tratamiento-ansiedad-depresion.com\/blog\/wp-content\/uploads\/2013\/11\/asesoramiento-gratuito-button.png\" width=\"200\" height=\"107\" \/><\/a><br \/>\nRub\u00e9n Blasco, Psic\u00f3logo Colegiado N\u00ba 14830.<\/p>\n<p>M\u00e1s informaci\u00f3n en<a href=\"http:\/\/tratamiento-ansiedad-depresion.com\" target=\"_blank\"> tratamiento-ansiedad-depresion.com<\/a><\/p>\n","protected":false},"excerpt":{"rendered":"<p>Tengo ansiedad y miedo de hacer da\u00f1o &nbsp; PREGUNTA Tengo ansiedad desde diciembre de 2013. Todo empez\u00f3 con una bola en la\u00a0garganta que se me fue a finales de diciembre de ese mismo a\u00f1o. Y el 22 de febrero\u00a0de 2014 estaba leyendo en clase y me falt\u00f3 el aire, me sent\u00eda mareada y pensaba\u00a0que me &hellip; <\/p>\n<p><a class=\"more-link btn\" href=\"https:\/\/tratamiento-ansiedad-depresion.com\/blog\/asesoramiento-gratuito\/ansiedad-miedo-de-hacer-dano\/\">Continue reading<\/a><\/p>\n","protected":false},"author":1,"featured_media":0,"parent":211,"menu_order":0,"comment_status":"open","ping_status":"open","template":"","meta":{"_monsterinsights_skip_tracking":false,"_monsterinsights_sitenote_active":false,"_monsterinsights_sitenote_note":"","_monsterinsights_sitenote_category":0,"footnotes":""},"class_list":["post-486","page","type-page","status-publish","hentry","nodate","item-wrap"],"aioseo_notices":[],"_links":{"self":[{"href":"https:\/\/tratamiento-ansiedad-depresion.com\/blog\/wp-json\/wp\/v2\/pages\/486"}],"collection":[{"href":"https:\/\/tratamiento-ansiedad-depresion.com\/blog\/wp-json\/wp\/v2\/pages"}],"about":[{"href":"https:\/\/tratamiento-ansiedad-depresion.com\/blog\/wp-json\/wp\/v2\/types\/page"}],"author":[{"embeddable":true,"href":"https:\/\/tratamiento-ansiedad-depresion.com\/blog\/wp-json\/wp\/v2\/users\/1"}],"replies":[{"embeddable":true,"href":"https:\/\/tratamiento-ansiedad-depresion.com\/blog\/wp-json\/wp\/v2\/comments?post=486"}],"version-history":[{"count":12,"href":"https:\/\/tratamiento-ansiedad-depresion.com\/blog\/wp-json\/wp\/v2\/pages\/486\/revisions"}],"predecessor-version":[{"id":601,"href":"https:\/\/tratamiento-ansiedad-depresion.com\/blog\/wp-json\/wp\/v2\/pages\/486\/revisions\/601"}],"up":[{"embeddable":true,"href":"https:\/\/tratamiento-ansiedad-depresion.com\/blog\/wp-json\/wp\/v2\/pages\/211"}],"wp:attachment":[{"href":"https:\/\/tratamiento-ansiedad-depresion.com\/blog\/wp-json\/wp\/v2\/media?parent=486"}],"curies":[{"name":"wp","href":"https:\/\/api.w.org\/{rel}","templated":true}]}}

Ansiedad y miedo de hacer daño

<h1 style="text-align: center;">Tengo ansiedad y miedo de hacer daño</h1>
<p>&nbsp;</p>
<p><span style="color: #ff9900;">PREGUNTA</span></p>
<p>Tengo ansiedad desde diciembre de 2013. Todo empezó con una bola en la garganta que se me fue a finales de diciembre de ese mismo año. Y el 22 de febrero de 2014 estaba leyendo en clase y me faltó el aire, me sentía mareada y pensaba que me iba a desmayar. Así estuve con la falta de aire durante unas semanas hasta que un día me entró el miedo de poder volverme loca. Luego, el miedo a poder padecer alguna esquizofrenia. Y ahora, llevo un miedo horrible a poder hacer daño a alguien, tengo muchísimo miedo a que me entren deseos o que yo quiera hacer daño a alguien. Yo no quiero, pero tengo miedo de que tanto pensarlo me cambie de opinión<br />
y quiera hacer algo horrible, tengo muchísimo miedo. Yo antes de hacer daño a alguien me mataría yo, tengo dieciséis años y estoy muy asustada. Por favor, espero que me puedas ayudar. Un saludo y muchas gracias.</p>
<p style="text-align: center;"><a href="https://tratamiento-ansiedad-depresion.com/blog/wp-content/uploads/2014/05/miedo-de-hacer-daño.jpg"><img loading="lazy" decoding="async" class="aligncenter  wp-image-510" alt="Ansiedad y miedo de hacer daño" src="https://tratamiento-ansiedad-depresion.com/blog/wp-content/uploads/2014/05/miedo-de-hacer-daño-300x294.jpg" width="240" height="235" srcset="https://tratamiento-ansiedad-depresion.com/blog/wp-content/uploads/2014/05/miedo-de-hacer-daño-300x294.jpg 300w, https://tratamiento-ansiedad-depresion.com/blog/wp-content/uploads/2014/05/miedo-de-hacer-daño.jpg 435w" sizes="(max-width: 240px) 100vw, 240px" /></a></p>
<p><span style="color: #00d600;">RESPUESTA</span></p>
<p style="text-align: justify;">Parece ser que te encuentras en una situación de escalada de ansiedad, es decir que parece ser que tus niveles de ansiedad desde diciembre de 2013 no han hecho más que subir. Inicialmente han sido a nivel fisiológico, que son los síntomas de la ansiedad más identificables como la falta de aire, sensación de mareo, palpitaciones, o miedo a poderse desmayar, síntomas de ansiedad de lo más frecuentes.</p>
<h2>La escalada de la ansiedad</h2>
<p style="text-align: justify;">Lo que nos puede ocurrir con mucha facilidad es que a partir de unos pocos síntomas físicos muy característicos de la ansiedad, entremos en una escalada de alarma y estos síntomas físicos de la ansiedad vayan intensificándose hasta generarme lo que podríamos considerar síntomas cognitivos de la ansiedad como los miedos e inseguridades.  <strong>Los síntomas cognitivos más frecuentes son:</strong></p>
<ul>
<li>Me puedo volver loco</li>
<li>La ansiedad me está dominando</li>
<li>Esto nunca acabará</li>
<li>La ansiedad sube y no tiene fin</li>
<li>Estoy perdiendo el control</li>
<li>Es posible que en verdad tenga una esquizofrenia o una enfermedad mental muy grave</li>
<li>Ideas o pensamientos de hacer daño a seres queridos</li>
</ul>
<p style="text-align: justify;">Cuando los síntomas cognitivos de la ansiedad aparecen, esto nos indica que la ansiedad que está padeciendo la persona supera con creces los recursos personales de manejo del estrés y nervios, por lo que se encuentra en una situación de vulnerabilidad, Las fuentes de estrés se perciben como más intensas y padecemos ansiedad ante situaciones que antes realizábamos con total normalidad. Lo que se está dando es un proceso de generalización de la ansiedad, hasta el punto que la persona es posible que comience a padecer ansiedad en lugares o momentos cotidianos del día a día.   Por lo que acabamos sintiendo ansiedad a lo largo del día, nos sentimos más cansados y comenzamos a temer el poder padecer aún más ansiedad ante diferentes situaciones que percibimos como amenazantes, acudir a clase, al trabajo, a una reunión familiar, etc.</p>
<p style="text-align: justify;"><a href="https://tratamiento-ansiedad-depresion.com/blog/wp-content/uploads/2014/05/escalada-de-ansiedad.jpg"><img loading="lazy" decoding="async" class="aligncenter size-medium wp-image-515" alt="Escalada de la ansiedad" src="https://tratamiento-ansiedad-depresion.com/blog/wp-content/uploads/2014/05/escalada-de-ansiedad-300x187.jpg" width="300" height="187" srcset="https://tratamiento-ansiedad-depresion.com/blog/wp-content/uploads/2014/05/escalada-de-ansiedad-300x187.jpg 300w, https://tratamiento-ansiedad-depresion.com/blog/wp-content/uploads/2014/05/escalada-de-ansiedad.jpg 500w" sizes="(max-width: 300px) 100vw, 300px" /></a></p>
<h2 style="text-align: justify;">Romper la escalada de la ansiedad</h2>
<p style="text-align: justify;">Es muy importante poder romper la escalada de la ansiedad que con tanta facilidad se genera en las personas. ya que de lo contrario llegamos como hemos visto a la <strong>generalización de la ansiedad</strong>, y prácticamente todo puede llegar a generarnos miedo o ansiedad. Por desgracia cuando nos encontramos en esta situación <strong>tendemos a fijarnos más en los detalles que en el concepto global</strong>, es decir me centro y me preocupo mucho en el contenido de un pensamiento que puedo tener como «hacer daño a alguien querido» y me mortifico y le doy vueltas a cómo es posible que esté pensando eso. Pues toda esa energía debería destinarla a abordar la ansiedad en su totalidad, si yo le dedico 1 hora al día a combatir mi ansiedad general en poco tiempo este tipo de pensamientos más concretos irán desapareciendo, ya que se alimentan de mi ansiedad general. Con esto me quiero referir que <strong>hemos de ir a la fuente, no al miedo concreto</strong>, ese miedo me ha surgido porque mi cuerpo y mi mente no pueden soportar más ansiedad, por lo que les hemos de liberar de tanta carga o tensión.</p>
<p style="text-align: justify;">Cada persona tiene sus propios recursos para combatir la ansiedad, intenta ponerlos en práctica 1 hora al día, y si ves que no son suficientes sería recomendable que consultaras con un especialista para que pueda darte pautas concretas para ayudarte a controlar la ansiedad. Espero que poco a poco puedas ir manejando tu ansiedad. Ánimo.</p>
<p>&nbsp;</p>
<p style="text-align: center;">Si quieres participar en el blog y preguntarnos algo, haz click aquí.</p>
<p><a href="https://tratamiento-ansiedad-depresion.com/blog/asesoramiento-gratuito//"><img loading="lazy" decoding="async" class="aligncenter size-full wp-image-697" title="El psicólogo contestará tus preguntas" alt="manda-tu-consulta" src="https://tratamiento-ansiedad-depresion.com/blog/wp-content/uploads/2013/11/asesoramiento-gratuito-button.png" width="200" height="107" /></a><br />
Rubén Blasco, Psicólogo Colegiado Nº 14830.</p>
<p>Más información en<a href="http://tratamiento-ansiedad-depresion.com" target="_blank"> tratamiento-ansiedad-depresion.com</a></p>

<p>Tengo ansiedad y miedo de hacer daño &nbsp; PREGUNTA Tengo ansiedad desde diciembre de 2013. Todo empezó con una bola en la garganta que se me fue a finales de diciembre de ese mismo año. Y el 22 de febrero de 2014 estaba leyendo en clase y me faltó el aire, me sentía mareada y pensaba que me &hellip; </p>
<p><a class="more-link btn" href="https://tratamiento-ansiedad-depresion.com/blog/asesoramiento-gratuito/ansiedad-miedo-de-hacer-dano/">Continue reading</a></p>
