{"id":413,"date":"2014-03-28T19:21:29","date_gmt":"2014-03-28T19:21:29","guid":{"rendered":"https:\/\/tratamiento-ansiedad-depresion.com\/blog\/?page_id=413"},"modified":"2014-06-13T10:22:02","modified_gmt":"2014-06-13T10:22:02","slug":"miedo-de-hacer-dano-a-mi-hija","status":"publish","type":"page","link":"https:\/\/tratamiento-ansiedad-depresion.com\/blog\/asesoramiento-gratuito\/miedo-de-hacer-dano-a-mi-hija\/","title":{"rendered":"Miedo de hacer da\u00f1o a mi hija"},"content":{"rendered":"<h1 style=\"text-align: center;\">Miedo de hacer da\u00f1o a mi hija<\/h1>\n<p><span style=\"color: #ff9900;\">PREGUNTA<\/span><\/p>\n<p style=\"text-align: justify;\">Buenas tardes amigos, soy de Chile . Tengo 22 a\u00f1os y tengo una hija de 2 a\u00f1os. Hace aproximadamente 6 meses mi vida era normal, no ten\u00eda problemas con nada, si bien me molestaba mi sobrepeso, y lloraba much\u00edsimo, nunca me hab\u00eda sentido tan mal como ahora.\u00a0 Les cuento, que hace 6 meses en el mes de septiembre comenz\u00f3 con un tratamiento nutricional del centro cubano de vi\u00f1a del mar, Chile, y llevaba 2 semanas tom\u00e1ndolo y en el \u00faltimo d\u00eda, comenc\u00e9 con ardores en mi cuerpo, un calor interno horrible. Fui 2 veces a la cl\u00ednica y resultaron ser una bomba de intoxicaci\u00f3n. Ten\u00edan ansiol\u00edticos, antidepresivos, y excesos de cafe\u00edna. la cosa es que desde all\u00ed que mi vida cambio &#8230; juraba que ten\u00eda toda clase de enfermedades &#8230; me hice todos los ex\u00e1menes para descartar cualquier enfermedad&#8230; no tengo NADA , despu\u00e9s comenc\u00e9 con fuertes dolores de cabeza y fui al neur\u00f3logo . Me hice un angiotac cerebral para descartar todo tipo de tumores y cosas as\u00ed. Tampoco tengo NADA. La cosa es que me desesper\u00e9 y justo vi en las noticias a una madre que violaba a sus hijos y despu\u00e9s apareci\u00f3 muerto ese chico en mi pa\u00eds. Qued\u00e9 tan traumatizada que desde all\u00ed que tengo la sensaci\u00f3n de miedo a que yo le pueda\u00a0 hacer eso a mi hija , sabiendo que JAMAS lo har\u00eda . Ha sido terrible para mi pasar por todo esto. Actualmente acudo a una \u00a0psic\u00f3loga desde hace 1 mes, y estoy tomando Sertralina hace como 2 meses. Tambi\u00e9n con t\u00e9cnicas de respiraci\u00f3n, y medicamento de todos los d\u00edas llamado Sertalina (antidepresivo). Lo \u00fanico que s\u00e9, es que estoy consciente de mi ansiedad pero no s\u00e9 por qu\u00e9 se me derivo en mi hija&#8230; me siento podrida cada vez que pasa eso , hasta me alejo de ella para no ser peligrosa. Siento como si fuera otra persona cuando estoy con la ansiedad. Tambi\u00e9n estoy consumiendo hace casi 1 mes las famosas flores de Bach para malos pensamientos y ansiedad. Ya no pienso tanta tonter\u00eda, siento que me han servido.<\/p>\n<p style=\"text-align: center;\"><a href=\"https:\/\/tratamiento-ansiedad-depresion.com\/blog\/wp-content\/uploads\/2014\/03\/hacer-da\u00f1o-a-mi-hija.png\"><img loading=\"lazy\" decoding=\"async\" class=\"aligncenter  wp-image-416\" alt=\"Miedo de hacer da\u00f1o a mi hija\" src=\"https:\/\/tratamiento-ansiedad-depresion.com\/blog\/wp-content\/uploads\/2014\/03\/hacer-da\u00f1o-a-mi-hija-199x300.png\" width=\"159\" height=\"240\" srcset=\"https:\/\/tratamiento-ansiedad-depresion.com\/blog\/wp-content\/uploads\/2014\/03\/hacer-da\u00f1o-a-mi-hija-199x300.png 199w, https:\/\/tratamiento-ansiedad-depresion.com\/blog\/wp-content\/uploads\/2014\/03\/hacer-da\u00f1o-a-mi-hija-681x1024.png 681w, https:\/\/tratamiento-ansiedad-depresion.com\/blog\/wp-content\/uploads\/2014\/03\/hacer-da\u00f1o-a-mi-hija.png 902w\" sizes=\"(max-width: 159px) 100vw, 159px\" \/><\/a><\/p>\n<p><span style=\"color: #00d600;\">RESPUESTA<\/span><\/p>\n<p style=\"text-align: justify;\">Las fobias de impulsi\u00f3n, es decir los pensamientos autom\u00e1ticos acerca de hacer da\u00f1os a terceros o incluso a uno mismo, es uno de los problemas de ansiedad m\u00e1s dolorosos que existen conjuntamente con los ataques de p\u00e1nico. En las fobias de impulsi\u00f3n, existe una contradicci\u00f3n muy grande que es la fuente principal de nuestro malestar. \u00bfC\u00f3mo es posible que piense en hacer una cosa tan terrible a una persona que quiero tanto? esta disonancia nos hace cuestionarnos los principios m\u00e1s b\u00e1sicos, desde si soy una buena madre a si me estar\u00e9 volviendo completamente loco y voy a perder el control de lo que pienso.<\/p>\n<h2 style=\"text-align: justify;\">No importa el contenido de las fobias de impulsi\u00f3n importa mi ansiedad general<\/h2>\n<p style=\"text-align: justify;\">Cuando decimos que no importa el contenido de las fobias de impulsi\u00f3n nos referimos al tipo de pensamiento que nos viene a la cabeza, da lo mismo a qui\u00e9n va dirigido mi pensamiento de da\u00f1ar, ni de qu\u00e9 manera nos viene a la cabeza c\u00f3mo le haremos da\u00f1o. Muchas veces dedicamos mucho tiempo a entender porqu\u00e9 quiero hacer da\u00f1o a mi hijo, cuando lo que de verdad importa es que estoy tan ansioso que es mi cerebro el que genera este pensamiento. Con esto queremos decir que da lo mismo si pienso en hacer da\u00f1o con un cuchillo, empujando, ahogando&#8230; no hemos de dedicar tiempo a analizar el contenido del pensamiento ya que no tiene sentido alguno JAM\u00c1S HAREMOS DA\u00d1O A UN SER QUERIDO. Lo que importa es, que en el momento que yo tengo este tipo de pensamientos, mi cuerpo me est\u00e1 avisando que <strong>tengo unos niveles de ansiedad que me sobrepasan<\/strong>, y<strong> los pensamientos <\/strong>que me vienen a la cabeza <strong>son un s\u00edntoma de ansiedad,<\/strong> no el problema propiamente. De la misma manera que la fiebre es un s\u00edntoma de la gripe, la fiebre no es el problema. Hemos de centrarnos en la gripe. Cuanto m\u00e1s nos centremos en analizar el contenido de mis pensamientos m\u00e1s angustia sentiremos y m\u00e1s poder le daremos a ese pensamiento ya que llegar\u00e1 un punto en el cual no solamente tendremos miedo al pensamiento sino que tambi\u00e9n tendremos miedo a la posibilidad de tener ese pensamiento, es el miedo a tener miedo. Un c\u00edrculo vicioso que se retroalimenta de ansiedad.<\/p>\n<p style=\"text-align: justify;\"><a href=\"https:\/\/tratamiento-ansiedad-depresion.com\/blog\/wp-content\/uploads\/2014\/03\/pensamientos-fobias-de-impulsion.jpg\"><img loading=\"lazy\" decoding=\"async\" class=\"aligncenter size-full wp-image-423\" alt=\"Pensamientos en las fobias de impulsi\u00f3n\" src=\"https:\/\/tratamiento-ansiedad-depresion.com\/blog\/wp-content\/uploads\/2014\/03\/pensamientos-fobias-de-impulsion.jpg\" width=\"168\" height=\"168\" srcset=\"https:\/\/tratamiento-ansiedad-depresion.com\/blog\/wp-content\/uploads\/2014\/03\/pensamientos-fobias-de-impulsion.jpg 168w, https:\/\/tratamiento-ansiedad-depresion.com\/blog\/wp-content\/uploads\/2014\/03\/pensamientos-fobias-de-impulsion-150x150.jpg 150w\" sizes=\"(max-width: 168px) 100vw, 168px\" \/><\/a><\/p>\n<p style=\"text-align: justify;\">Es por ello que la mejor forma de<strong> tratar las fobias de impulsi\u00f3n<\/strong> o los pensamientos de hacer da\u00f1o a mis seres queridos es <strong>centrarnos en la ansiedad<\/strong>, ya que es la causa directa de que nos vengan este tipo de pensamientos. Por lo tanto, \u00a0las t\u00e9cnicas de relajaci\u00f3n, respiraci\u00f3n as\u00ed como los estilos de vida m\u00e1s tranquilos, con espacios para uno mismo y momentos para relajarnos, van a generar unos efectos beneficiosos de forma inmediata.<\/p>\n<p style=\"text-align: justify;\">Otra forma muy efectiva de tratar las fobias de impulsi\u00f3n es mediante <strong>la terapia cognitivo conductual<\/strong>, aprendiendo a controlar mis pensamientos. Por un lado a aplazarlos o apartarlos y por el otro a detenerlos. De esta manera podemos evitar que nos aparezcan este tipo de ideas tan desagradables y en caso que nos aparezcan eliminarlas. As\u00ed nuestra ansiedad general disminuir\u00e1 y a la par, har\u00e1 que estos pensamientos pierdan fuerza e intensidad.<\/p>\n<p style=\"text-align: center;\">Si quieres participar en el blog y preguntarnos algo, haz click aqu\u00ed.<\/p>\n<p><a href=\"https:\/\/tratamiento-ansiedad-depresion.com\/blog\/asesoramiento-gratuito\/\/\"><img loading=\"lazy\" decoding=\"async\" class=\"aligncenter size-full wp-image-697\" title=\"El psic\u00f3logo contestar\u00e1 tus preguntas\" alt=\"manda-tu-consulta\" src=\"https:\/\/tratamiento-ansiedad-depresion.com\/blog\/wp-content\/uploads\/2013\/11\/asesoramiento-gratuito-button.png\" width=\"200\" height=\"107\" \/><\/a><br \/>\nRub\u00e9n Blasco, Psic\u00f3logo Colegiado N\u00ba 14830.<\/p>\n<p>M\u00e1s informaci\u00f3n en<a href=\"http:\/\/tratamiento-ansiedad-depresion.com\" target=\"_blank\"> tratamiento-ansiedad-depresion.com<\/a><\/p>\n","protected":false},"excerpt":{"rendered":"<p>Miedo de hacer da\u00f1o a mi hija PREGUNTA Buenas tardes amigos, soy de Chile . Tengo 22 a\u00f1os y tengo una hija de 2 a\u00f1os. Hace aproximadamente 6 meses mi vida era normal, no ten\u00eda problemas con nada, si bien me molestaba mi sobrepeso, y lloraba much\u00edsimo, nunca me hab\u00eda sentido tan mal como ahora.\u00a0 &hellip; <\/p>\n<p><a class=\"more-link btn\" href=\"https:\/\/tratamiento-ansiedad-depresion.com\/blog\/asesoramiento-gratuito\/miedo-de-hacer-dano-a-mi-hija\/\">Continue reading<\/a><\/p>\n","protected":false},"author":1,"featured_media":0,"parent":211,"menu_order":0,"comment_status":"open","ping_status":"open","template":"","meta":{"_monsterinsights_skip_tracking":false,"_monsterinsights_sitenote_active":false,"_monsterinsights_sitenote_note":"","_monsterinsights_sitenote_category":0,"footnotes":""},"class_list":["post-413","page","type-page","status-publish","hentry","nodate","item-wrap"],"aioseo_notices":[],"_links":{"self":[{"href":"https:\/\/tratamiento-ansiedad-depresion.com\/blog\/wp-json\/wp\/v2\/pages\/413"}],"collection":[{"href":"https:\/\/tratamiento-ansiedad-depresion.com\/blog\/wp-json\/wp\/v2\/pages"}],"about":[{"href":"https:\/\/tratamiento-ansiedad-depresion.com\/blog\/wp-json\/wp\/v2\/types\/page"}],"author":[{"embeddable":true,"href":"https:\/\/tratamiento-ansiedad-depresion.com\/blog\/wp-json\/wp\/v2\/users\/1"}],"replies":[{"embeddable":true,"href":"https:\/\/tratamiento-ansiedad-depresion.com\/blog\/wp-json\/wp\/v2\/comments?post=413"}],"version-history":[{"count":18,"href":"https:\/\/tratamiento-ansiedad-depresion.com\/blog\/wp-json\/wp\/v2\/pages\/413\/revisions"}],"predecessor-version":[{"id":611,"href":"https:\/\/tratamiento-ansiedad-depresion.com\/blog\/wp-json\/wp\/v2\/pages\/413\/revisions\/611"}],"up":[{"embeddable":true,"href":"https:\/\/tratamiento-ansiedad-depresion.com\/blog\/wp-json\/wp\/v2\/pages\/211"}],"wp:attachment":[{"href":"https:\/\/tratamiento-ansiedad-depresion.com\/blog\/wp-json\/wp\/v2\/media?parent=413"}],"curies":[{"name":"wp","href":"https:\/\/api.w.org\/{rel}","templated":true}]}}