{"id":211,"date":"2013-11-06T10:37:21","date_gmt":"2013-11-06T10:37:21","guid":{"rendered":"https:\/\/tratamiento-ansiedad-depresion.com\/blog\/?page_id=211"},"modified":"2020-02-10T17:37:18","modified_gmt":"2020-02-10T17:37:18","slug":"asesoramiento-gratuito","status":"publish","type":"page","link":"https:\/\/tratamiento-ansiedad-depresion.com\/blog\/asesoramiento-gratuito\/","title":{"rendered":"Asesoramiento gratuito"},"content":{"rendered":"<h1 style=\"text-align: center;\"><span style=\"color: #ff6600;\">ASESORAMIENTO GRATUITO <\/span><\/h1>\n<p><strong><span style=\"color: #000000;\">ENV\u00cdANOS TU CONSULTA<\/span><\/strong><\/p>\n<p style=\"text-align: justify;\">Esta secci\u00f3n est\u00e1 destinada como un espacio de asesoramiento psicol\u00f3gico completamente Gratuito. Desde Tratamiento Ansiedad Depresi\u00f3n queremos destinar una secci\u00f3n del blog informativo para que todo el mundo pueda mandar sus consultas y preguntar lo que desee. Queremos brindar un asesoramiento gratuito a todas aquellas personas que lo necesiten. Tienes problemas de ansiedad, agorafobia, ataques de p\u00e1nico, miedo de hacer da\u00f1o a tus seres queridos, o est\u00e1s deprimido, sin ganas de salir a la calle, o simplemente tienes una pregunta que nos quieres consultar, no lo dudes \u00e9ste es tu espacio. Escr\u00edbenos y pregunta lo que desees. El procedimiento ser\u00e1 el siguiente:<\/p>\n<p><a href=\"https:\/\/tratamiento-ansiedad-depresion.com\/blog\/wp-content\/uploads\/2013\/11\/asesoramiento-gratuito.jpg\"><img loading=\"lazy\" decoding=\"async\" class=\"aligncenter size-medium wp-image-212\" src=\"https:\/\/tratamiento-ansiedad-depresion.com\/blog\/wp-content\/uploads\/2013\/11\/asesoramiento-gratuito-300x222.jpg\" alt=\"asesoramiento gratuito\" width=\"300\" height=\"222\" srcset=\"https:\/\/tratamiento-ansiedad-depresion.com\/blog\/wp-content\/uploads\/2013\/11\/asesoramiento-gratuito-300x222.jpg 300w, https:\/\/tratamiento-ansiedad-depresion.com\/blog\/wp-content\/uploads\/2013\/11\/asesoramiento-gratuito.jpg 400w\" sizes=\"(max-width: 300px) 100vw, 300px\" \/><\/a><\/p>\n<ol>\n<li style=\"text-align: justify;\">Rellena el formulario que tienes a continuaci\u00f3n, procura ser concreto con tu pregunta, pero intenta no extenderte mucho.<\/li>\n<li style=\"text-align: justify;\">Nosotros recogeremos tu consulta y eliminaremos todos los datos personales para que la pregunta sea completamente an\u00f3nima.<\/li>\n<li style=\"text-align: justify;\">Un psic\u00f3logo especialista contestar\u00e1 a tu pregunta lo m\u00e1s espec\u00edficamente posible, cuanto m\u00e1s concreta sea la consulta m\u00e1s sencillo ser\u00e1 contestarte.<\/li>\n<li style=\"text-align: justify;\">Todo el mundo est\u00e1 invitado a participar o comentar sobre el tema en cuesti\u00f3n, siempre respetando al pr\u00f3jimo. No se pretende solucionar problemas, pero s\u00ed generar debate, aclarar dudas, compartir emociones, problemas&#8230; No ser\u00e1n autorizadas las faltas de respeto y por lo tanto dichos comentarios ser\u00e1n eliminados o directamente no publicados.<\/li>\n<li style=\"text-align: justify;\">Este asesoramiento es completamente gratuito.<\/li>\n<\/ol>\n\n\n<p><\/p>\n\n\n\n<p class=\"has-text-align-center\">\n<div class=\"wpcf7 no-js\" id=\"wpcf7-f960-o1\" lang=\"es-ES\" dir=\"ltr\">\n<div class=\"screen-reader-response\"><p role=\"status\" aria-live=\"polite\" aria-atomic=\"true\"><\/p> <ul><\/ul><\/div>\n<form action=\"\/blog\/wp-json\/wp\/v2\/pages\/211#wpcf7-f960-o1\" method=\"post\" class=\"wpcf7-form init\" aria-label=\"Formulario de contacto\" novalidate=\"novalidate\" data-status=\"init\">\n<div style=\"display: none;\">\n<input type=\"hidden\" name=\"_wpcf7\" value=\"960\" \/>\n<input type=\"hidden\" name=\"_wpcf7_version\" value=\"5.9.8\" \/>\n<input type=\"hidden\" name=\"_wpcf7_locale\" value=\"es_ES\" \/>\n<input type=\"hidden\" name=\"_wpcf7_unit_tag\" value=\"wpcf7-f960-o1\" \/>\n<input type=\"hidden\" name=\"_wpcf7_container_post\" value=\"0\" \/>\n<input type=\"hidden\" name=\"_wpcf7_posted_data_hash\" value=\"\" \/>\n<\/div>\n<p><label> Tu nombre (requerido)<br \/>\n<span class=\"wpcf7-form-control-wrap\" data-name=\"your-name\"><input size=\"40\" maxlength=\"400\" class=\"wpcf7-form-control wpcf7-text wpcf7-validates-as-required\" aria-required=\"true\" aria-invalid=\"false\" value=\"\" type=\"text\" name=\"your-name\" \/><\/span> <\/label>\n<\/p>\n<p><label> Tu correo electr\u00f3nico (requerido)<br \/>\n<span class=\"wpcf7-form-control-wrap\" data-name=\"your-email\"><input size=\"40\" maxlength=\"400\" class=\"wpcf7-form-control wpcf7-email wpcf7-validates-as-required wpcf7-text wpcf7-validates-as-email\" aria-required=\"true\" aria-invalid=\"false\" value=\"\" type=\"email\" name=\"your-email\" \/><\/span> <\/label>\n<\/p>\n<p><label> Asunto<br \/>\n<span class=\"wpcf7-form-control-wrap\" data-name=\"your-subject\"><input size=\"40\" maxlength=\"400\" class=\"wpcf7-form-control wpcf7-text\" aria-invalid=\"false\" value=\"\" type=\"text\" name=\"your-subject\" \/><\/span> <\/label>\n<\/p>\n<p><label> Tu mensaje<br \/>\n<span class=\"wpcf7-form-control-wrap\" data-name=\"your-message\"><textarea cols=\"40\" rows=\"10\" maxlength=\"2000\" class=\"wpcf7-form-control wpcf7-textarea\" aria-invalid=\"false\" name=\"your-message\"><\/textarea><\/span> <\/label>\n<\/p>\n<p><span><span class=\"wpcf7-form-control-wrap\" data-name=\"acceptance-279\"><span class=\"wpcf7-form-control wpcf7-acceptance\"><span class=\"wpcf7-list-item\"><input type=\"checkbox\" name=\"acceptance-279\" value=\"1\" aria-invalid=\"false\" \/><\/span><\/span><\/span> He le\u00eddo y acepto el <a target=\"_blank\" rel=\"nofollow noopener noreferrer\" href=\"https:\/\/tratamiento-ansiedad-depresion.com\/blog\/aviso-legal-politica-de-privacidad-y-condiciones-de-uso\">Aviso Legal<\/a> y la <a target=\"_blank\" rel=\"nofollow noopener noreferrer\" href=\"https:\/\/tratamiento-ansiedad-depresion.com\/blog\/aviso-legal-politica-de-privacidad-y-condiciones-de-uso\">Pol\u00edtica de Privacidad<\/a>.<\/span>\n<\/p>\n<p><span><span class=\"wpcf7-form-control-wrap\" data-name=\"acceptance-414\"><span class=\"wpcf7-form-control wpcf7-acceptance\"><span class=\"wpcf7-list-item\"><input type=\"checkbox\" name=\"acceptance-414\" value=\"1\" aria-invalid=\"false\" \/><\/span><\/span><\/span> Declaro, bajo mi propia responsabilidad, ser mayor de 18 a\u00f1os y respondo de manera exclusiva de la veracidad de dicha declaraci\u00f3n.<\/span><br \/>\n<input class=\"wpcf7-form-control wpcf7-submit has-spinner\" type=\"submit\" value=\"Enviar\" \/>\n<\/p><p style=\"display: none !important;\" class=\"akismet-fields-container\" data-prefix=\"_wpcf7_ak_\"><label>&#916;<textarea name=\"_wpcf7_ak_hp_textarea\" cols=\"45\" rows=\"8\" maxlength=\"100\"><\/textarea><\/label><input type=\"hidden\" id=\"ak_js_1\" name=\"_wpcf7_ak_js\" value=\"155\"\/><script>document.getElementById( \"ak_js_1\" ).setAttribute( \"value\", ( new Date() ).getTime() );<\/script><\/p><div class=\"inv-recaptcha-holder\"><\/div><div class=\"wpcf7-response-output\" aria-hidden=\"true\"><\/div>\n<\/form>\n<\/div>\n<\/p>\n","protected":false},"excerpt":{"rendered":"<p>ASESORAMIENTO GRATUITO ENV\u00cdANOS TU CONSULTA Esta secci\u00f3n est\u00e1 destinada como un espacio de asesoramiento psicol\u00f3gico completamente Gratuito. Desde Tratamiento Ansiedad Depresi\u00f3n queremos destinar una secci\u00f3n del blog informativo para que todo el mundo pueda mandar sus consultas y preguntar lo que desee. Queremos brindar un asesoramiento gratuito a todas aquellas personas que lo necesiten. Tienes &hellip; <\/p>\n<p><a class=\"more-link btn\" href=\"https:\/\/tratamiento-ansiedad-depresion.com\/blog\/asesoramiento-gratuito\/\">Continue reading<\/a><\/p>\n","protected":false},"author":1,"featured_media":0,"parent":0,"menu_order":0,"comment_status":"open","ping_status":"open","template":"","meta":{"_monsterinsights_skip_tracking":false,"_monsterinsights_sitenote_active":false,"_monsterinsights_sitenote_note":"","_monsterinsights_sitenote_category":0,"footnotes":""},"class_list":["post-211","page","type-page","status-publish","hentry","nodate","item-wrap"],"aioseo_notices":[],"_links":{"self":[{"href":"https:\/\/tratamiento-ansiedad-depresion.com\/blog\/wp-json\/wp\/v2\/pages\/211"}],"collection":[{"href":"https:\/\/tratamiento-ansiedad-depresion.com\/blog\/wp-json\/wp\/v2\/pages"}],"about":[{"href":"https:\/\/tratamiento-ansiedad-depresion.com\/blog\/wp-json\/wp\/v2\/types\/page"}],"author":[{"embeddable":true,"href":"https:\/\/tratamiento-ansiedad-depresion.com\/blog\/wp-json\/wp\/v2\/users\/1"}],"replies":[{"embeddable":true,"href":"https:\/\/tratamiento-ansiedad-depresion.com\/blog\/wp-json\/wp\/v2\/comments?post=211"}],"version-history":[{"count":14,"href":"https:\/\/tratamiento-ansiedad-depresion.com\/blog\/wp-json\/wp\/v2\/pages\/211\/revisions"}],"predecessor-version":[{"id":1015,"href":"https:\/\/tratamiento-ansiedad-depresion.com\/blog\/wp-json\/wp\/v2\/pages\/211\/revisions\/1015"}],"wp:attachment":[{"href":"https:\/\/tratamiento-ansiedad-depresion.com\/blog\/wp-json\/wp\/v2\/media?parent=211"}],"curies":[{"name":"wp","href":"https:\/\/api.w.org\/{rel}","templated":true}]}}